{"id":463,"date":"2020-11-12T07:46:42","date_gmt":"2020-11-12T07:46:42","guid":{"rendered":"http:\/\/easyfinancetechnology.com\/?page_id=463"},"modified":"2025-02-04T15:24:06","modified_gmt":"2025-02-04T15:24:06","slug":"home","status":"publish","type":"page","link":"http:\/\/easyfinancetechnology.com\/?page_id=463","title":{"rendered":"Home"},"content":{"rendered":"<div class=\"tradingview-widget-container\">\n<div id=\"tradingview_8e75a\"><a href=\"http:\/\/easyfinancetechnology.com\/?page_id=748&amp;preview_id=748&amp;preview_nonce=6d509c4cfc&amp;_thumbnail_id=-1&amp;preview=true\">TRV<\/a><\/div>\n<div class=\"tradingview-widget-copyright\">TradingView&#8217;den <a href=\"https:\/\/tr.tradingview.com\/symbols\/BIST-AKBNK\/\" target=\"_blank\" rel=\"noopener noreferrer\"><span class=\"blue-text\">AKBNK Grafi\u011fi<\/span><\/a><\/div>\n<p><script type=\"text\/javascript\" src=\"https:\/\/s3.tradingview.com\/tv.js\"><\/script><br \/>\n<script type=\"text\/javascript\">\n  new TradingView.widget(\n  {\n  \"autosize\": true,\n  \"symbol\": \"BIST:AKBNK\",\n  \"interval\": \"D\",\n  \"timezone\": \"Etc\/UTC\",\n  \"theme\": \"light\",\n  \"style\": \"1.0\",\n  \"locale\": \"tr\",\n  \"toolbar_bg\": \"#f1f3f6\",\n  \"enable_publishing\": false,\n  \"allow_symbol_change\": true,\n  \"container_id\": \"tradingview_8e75a\"\n}\n  );\n  <\/script><\/p>\n<p><a href=\"https:\/\/tolgaomay.shinyapps.io\/EasyFinanc_ARIMAforecast\/\">LONG TERM FORECAST<\/a><\/p>\n<p><a href=\"https:\/\/tolgaomay.shinyapps.io\/EASYFinance_STAR_Model\/\">Nonlinear Forecast<\/a><\/p>\n<\/div>\n<p><!-- TradingView Widget END --><\/p>\n<h1><a href=\"https:\/\/tolgaomay.shinyapps.io\/Kontenjan_Tahmin\/\"><img src=\"http:\/\/easyfinancetechnology.com\/wp-content\/uploads\/2024\/06\/Kontenjan-Tahmin.jpg\" \/><\/a><\/h1>\n<h1><a href=\"https:\/\/tolgaomay.shinyapps.io\/Kontenjan_Tahmin\/\">Kontenjan Tahmin<\/a><\/h1>\n<p>&nbsp;<\/p>\n<p><a href=\"http:\/\/localhost:8503\/\">Phyton uygulama\u00a0<\/a><\/p>\n<h1 style=\"text-align: center;\"><strong>\u00a0 \u00a0 \u00a0 \u00a0 \u00a0 <a href=\"https:\/\/tolgaomay.shinyapps.io\/EasyFinance\/\">Go Back to App EF<\/a><\/strong><\/h1>\n<h2 style=\"text-align: center;\"><a href=\"http:\/\/easyfinancetechnology.com\/wp-content\/uploads\/2022\/10\/XBANK.html\">XBANK 24 Ekim<\/a><\/h2>\n<h2 style=\"text-align: center;\"><a href=\"http:\/\/easyfinancetechnology.com\/wp-content\/uploads\/2022\/10\/XBANKE25.html\">XBANK<\/a> 25 Ekim<\/h2>\n<h2 style=\"text-align: center;\"><a href=\"http:\/\/easyfinancetechnology.com\/wp-content\/uploads\/2022\/10\/XBANKE26.html\">XBANK<\/a> 26 Ekim<\/h2>\n<h2 style=\"text-align: center;\"><a href=\"http:\/\/easyfinancetechnology.com\/wp-content\/uploads\/2022\/10\/XBANKE28.html\">XBANK<\/a> 28 Ekim<\/h2>\n<h2 style=\"text-align: center;\"><a href=\"http:\/\/easyfinancetechnology.com\/wp-content\/uploads\/2022\/10\/X30.html\">X30<\/a><\/h2>\n<h2 style=\"text-align: center;\"><a href=\"http:\/\/easyfinancetechnology.com\/wp-content\/uploads\/2022\/11\/X30K1.html\">X30K1<\/a><\/h2>\n<p><a href=\"http:\/\/easyfinancetechnology.com\/wp-content\/uploads\/2022\/11\/X30Kasim7.html\">X30Kas\u0131m7<\/a><\/p>\n<p><a href=\"http:\/\/easyfinancetechnology.com\/wp-content\/uploads\/2022\/11\/XENERKasim7.html\">XENERKas\u0131m7<\/a><\/p>\n<p><a href=\"http:\/\/easyfinancetechnology.com\/wp-content\/uploads\/2022\/11\/XBANKKasim7.html\">XBANKKas\u0131m7<\/a><\/p>\n<p><a href=\"http:\/\/easyfinancetechnology.com\/wp-content\/uploads\/2022\/11\/X30K8.html\">X30K8<\/a><\/p>\n<p><a href=\"http:\/\/easyfinancetechnology.com\/wp-content\/uploads\/2022\/11\/XENERK8.html\">XENERK8<\/a><\/p>\n<p><a href=\"http:\/\/easyfinancetechnology.com\/wp-content\/uploads\/2022\/11\/X30K9.html\">X30K9<\/a><\/p>\n<p><a href=\"http:\/\/easyfinancetechnology.com\/wp-content\/uploads\/2022\/11\/XENERK9.html\">XENERK9<\/a><\/p>\n<p><a href=\"http:\/\/easyfinancetechnology.com\/wp-content\/uploads\/2022\/11\/X30K14.html\">X30K14<\/a><\/p>\n<p><a href=\"http:\/\/easyfinancetechnology.com\/wp-content\/uploads\/2022\/11\/XBANKK14.html\">XBANKK14<\/a><\/p>\n<p><a href=\"http:\/\/easyfinancetechnology.com\/wp-content\/uploads\/2022\/11\/XENERK14.html\">XENERK14<\/a><\/p>\n<p><a href=\"http:\/\/easyfinancetechnology.com\/wp-content\/uploads\/2022\/12\/EnerjiGesan.xlsx\">EnerjiGesan<\/a><\/p>\n<p><a href=\"http:\/\/easyfinancetechnology.com\/wp-content\/uploads\/2022\/12\/Gesan-Rapor.pdf\">Gesan Rapor<\/a><\/p>\n<p><a href=\"http:\/\/easyfinancetechnology.com\/wp-content\/uploads\/2022\/12\/GESAN.html\">GESAN<\/a><\/p>\n<p style=\"text-align: center;\"><strong>NEWS: for Bitcoin you can select 2019-02-04for optimal forecast window,<\/strong><\/p>\n<p style=\"text-align: center;\">\u00a0For Euro-Dolar use\u00a0 2020-05-26<\/p>\n<p style=\"text-align: center;\">For USD dolar use 2020-03-05<\/p>\n<p style=\"text-align: center;\">For EURO dolar use 2020-06-26<\/p>\n<p style=\"text-align: center;\"><strong>If you want to learn for other financial instruments optimal forecast please write on Forum<\/strong><\/p>\n<h3>For a short period I put 2 games which are developed my daughter for your entertainment<\/h3>\n<p>&nbsp;<\/p>\n<p><a href=\"https:\/\/forkphorus.github.io\/app.html?id=517195204\"><img loading=\"lazy\" class=\"size-full wp-image-764 alignleft\" src=\"http:\/\/easyfinancetechnology.com\/wp-content\/uploads\/2021\/04\/SW.jpg\" alt=\"\" width=\"177\" height=\"124\" \/><\/a>\u00a0 \u00a0 \u00a0 <a href=\"https:\/\/forkphorus.github.io\/app.html?id=517188313\"><img loading=\"lazy\" class=\"wp-image-767 alignleft\" src=\"http:\/\/easyfinancetechnology.com\/wp-content\/uploads\/2021\/04\/Pengu2.jpg\" alt=\"\" width=\"169\" height=\"168\" srcset=\"http:\/\/easyfinancetechnology.com\/wp-content\/uploads\/2021\/04\/Pengu2.jpg 260w, http:\/\/easyfinancetechnology.com\/wp-content\/uploads\/2021\/04\/Pengu2-150x150.jpg 150w\" sizes=\"(max-width: 169px) 100vw, 169px\" \/><\/a><\/p>\n<p>&nbsp;<\/p>\n<p>&nbsp;<\/p>\n<p>&nbsp;<\/p>\n<p>&nbsp;<\/p>\n<p>&nbsp;<\/p>\n<p>&nbsp;<\/p>\n<p style=\"text-align: center;\"><!--more--><\/p>\n<p>&nbsp;<\/p>\n<p><strong>\u00a0EasyFinance Google Play Store QR code \u00a0<\/strong> \u00a0 \u00a0 \u00a0<img loading=\"lazy\" class=\"alignnone size-medium wp-image-429\" src=\"http:\/\/easyfinancetechnology.com\/wp-content\/uploads\/2020\/11\/EasyFinance-300x300.png\" alt=\"\" width=\"300\" height=\"300\" srcset=\"http:\/\/easyfinancetechnology.com\/wp-content\/uploads\/2020\/11\/EasyFinance-300x300.png 300w, http:\/\/easyfinancetechnology.com\/wp-content\/uploads\/2020\/11\/EasyFinance-150x150.png 150w, http:\/\/easyfinancetechnology.com\/wp-content\/uploads\/2020\/11\/EasyFinance-100x100.png 100w, http:\/\/easyfinancetechnology.com\/wp-content\/uploads\/2020\/11\/EasyFinance.png 600w\" sizes=\"(max-width: 300px) 100vw, 300px\" \/><\/p>\n<p>&nbsp;<\/p>\n<blockquote><p>\u00a0 \u00a0 \u00a0 \u00a0 \u00a0 \u00a0 \u00a0 \u00a0 \u00a0 \u00a0 \u00a0 \u00a0 \u00a0 \u00a0 \u00a0 \u00a0 \u00a0 \u00a0 \u00a0 \u00a0 \u00a0 \u00a0 <img loading=\"lazy\" class=\"alignnone size-medium wp-image-79\" style=\"font-size: 1.125rem;\" src=\"http:\/\/easyfinancetechnology.com\/wp-content\/uploads\/2020\/07\/EF-1-169x300.png\" alt=\"\" width=\"169\" height=\"300\" srcset=\"http:\/\/easyfinancetechnology.com\/wp-content\/uploads\/2020\/07\/EF-1-169x300.png 169w, http:\/\/easyfinancetechnology.com\/wp-content\/uploads\/2020\/07\/EF-1-577x1024.png 577w, http:\/\/easyfinancetechnology.com\/wp-content\/uploads\/2020\/07\/EF-1.png 640w\" sizes=\"(max-width: 169px) 100vw, 169px\" \/><img loading=\"lazy\" class=\"alignnone size-medium wp-image-78\" style=\"font-size: 1.125rem;\" src=\"http:\/\/easyfinancetechnology.com\/wp-content\/uploads\/2020\/07\/EF3-169x300.png\" alt=\"\" width=\"169\" height=\"300\" srcset=\"http:\/\/easyfinancetechnology.com\/wp-content\/uploads\/2020\/07\/EF3-169x300.png 169w, http:\/\/easyfinancetechnology.com\/wp-content\/uploads\/2020\/07\/EF3-577x1024.png 577w, http:\/\/easyfinancetechnology.com\/wp-content\/uploads\/2020\/07\/EF3.png 640w\" sizes=\"(max-width: 169px) 100vw, 169px\" \/><img loading=\"lazy\" class=\"alignnone size-medium wp-image-77\" style=\"font-size: 1.125rem;\" src=\"http:\/\/easyfinancetechnology.com\/wp-content\/uploads\/2020\/07\/EF2-169x300.png\" alt=\"\" width=\"169\" height=\"300\" srcset=\"http:\/\/easyfinancetechnology.com\/wp-content\/uploads\/2020\/07\/EF2-169x300.png 169w, http:\/\/easyfinancetechnology.com\/wp-content\/uploads\/2020\/07\/EF2-577x1024.png 577w, http:\/\/easyfinancetechnology.com\/wp-content\/uploads\/2020\/07\/EF2.png 640w\" sizes=\"(max-width: 169px) 100vw, 169px\" \/><\/p>\n<h1 style=\"text-align: center;\"><strong><img loading=\"lazy\" class=\"alignnone size-medium wp-image-426\" src=\"http:\/\/easyfinancetechnology.com\/wp-content\/uploads\/2020\/11\/easyFinance-web-page-300x300.png\" alt=\"\" width=\"300\" height=\"300\" srcset=\"http:\/\/easyfinancetechnology.com\/wp-content\/uploads\/2020\/11\/easyFinance-web-page-300x300.png 300w, http:\/\/easyfinancetechnology.com\/wp-content\/uploads\/2020\/11\/easyFinance-web-page-150x150.png 150w, http:\/\/easyfinancetechnology.com\/wp-content\/uploads\/2020\/11\/easyFinance-web-page-100x100.png 100w, http:\/\/easyfinancetechnology.com\/wp-content\/uploads\/2020\/11\/easyFinance-web-page.png 600w\" sizes=\"(max-width: 300px) 100vw, 300px\" \/><\/strong><\/h1>\n<p style=\"text-align: center;\">Webpage QR Code<\/p>\n<h1 style=\"text-align: center;\"><strong>\u0130stanbul Stock Exchange (NEW)<\/strong><\/h1>\n<p style=\"text-align: center;\"><a href=\"https:\/\/finance.yahoo.com\/quote\/XU100.IS?p=XU100.IS&amp;.tsrc=fin-srch\">\u00a0XU100.IS<\/a><\/p>\n<p style=\"text-align: center;\"><a href=\"https:\/\/finance.yahoo.com\/quote\/ARCLK.IS?p=ARCLK.IS&amp;.tsrc=fin-srch\">ARCLK.IS<\/a><\/p>\n<p style=\"text-align: center;\">You can find other stocks only inculuding\u00a0 &#8220;.IS&#8221;\u00a0 to the end of the name of the stock.<\/p>\n<\/blockquote>\n<p>&nbsp;<\/p>\n<p>Easy-Finance gives you quick access to all finance data and forecasts for the intra day and next day. Three models appear in the application. The first model is obtained by expecting that the intra day and next day will have a declining trend or slope. The second model is obtained with signals that the intraday and next day will have a rising trend or slope. The third model provides its forecasts with the assumption that the intraday and next day has a no tendcy to change much or 10 or 1 hour later forecast. We can call it minumum value at that day,maximum value at that day and standard normal, respectively. In addition, if you think that the market dynamics have changed while obtaining the forecasts, you can choose a short date for the predictions of the model from the date section. In this sense, easy finance is an application that will help you follow the market and make the right decisions. Easy Finance uses Yahoo Finance codes to process data.<\/p>\n<p><img loading=\"lazy\" class=\"size-medium wp-image-8 aligncenter\" src=\"http:\/\/easyfinancetechnology.com\/wp-content\/uploads\/2020\/07\/EF-300x274.jpg\" alt=\"\" width=\"300\" height=\"274\" srcset=\"http:\/\/easyfinancetechnology.com\/wp-content\/uploads\/2020\/07\/EF-300x274.jpg 300w, http:\/\/easyfinancetechnology.com\/wp-content\/uploads\/2020\/07\/EF.jpg 417w\" sizes=\"(max-width: 300px) 100vw, 300px\" \/><\/p>\n<h1 style=\"text-align: center;\"><strong>Finance\u00a0 <\/strong><strong>Data\u00a0 codes<\/strong><\/h1>\n<p style=\"text-align: center;\">EURUSD=x\u00a0\u00a0 : gives Euro-Dollar forecasts<\/p>\n<p style=\"text-align: center;\">USDTRY=X\u00a0\u00a0 : gives Dollar forecasts<\/p>\n<p style=\"text-align: center;\">YM=F \u00a0\u00a0\u00a0: Futures market forecasts<\/p>\n<p style=\"text-align: center;\">CL=F : Crude Oil Forecast<\/p>\n<p style=\"text-align: center;\">Gold : Gold forecasts<\/p>\n<p style=\"text-align: center;\">SI=F : Silver forecast<\/p>\n<p style=\"text-align: center;\">^TNX : Treasury Ten year bond<\/p>\n<p style=\"text-align: center;\">^VIX : Risk aversion or liquidity index forecast<\/p>\n<p style=\"text-align: center;\">BTC-USD Bitcoin Forecast<\/p>\n<p style=\"text-align: center;\">SPY : Stock prices<\/p>\n<div id=\"attachment_16\" style=\"width: 310px\" class=\"wp-caption aligncenter\"><a href=\"https:\/\/play.google.com\/store\/apps\/details?id=io.kodular.omay_tolga.EasyFinance\"><img aria-describedby=\"caption-attachment-16\" loading=\"lazy\" class=\"size-medium wp-image-16\" src=\"http:\/\/easyfinancetechnology.com\/wp-content\/uploads\/2020\/07\/EasyFinance-300x300.png\" alt=\"EF\" width=\"300\" height=\"300\" srcset=\"http:\/\/easyfinancetechnology.com\/wp-content\/uploads\/2020\/07\/EasyFinance-300x300.png 300w, http:\/\/easyfinancetechnology.com\/wp-content\/uploads\/2020\/07\/EasyFinance-150x150.png 150w, http:\/\/easyfinancetechnology.com\/wp-content\/uploads\/2020\/07\/EasyFinance.png 512w\" sizes=\"(max-width: 300px) 100vw, 300px\" \/><\/a><p id=\"caption-attachment-16\" class=\"wp-caption-text\">EF<\/p><\/div>\n<p>&nbsp;<\/p>\n<p style=\"text-align: center;\"><strong>NEW:\u00a0 \u00a0 \u00a0<\/strong><\/p>\n<p style=\"text-align: center;\"><a href=\"https:\/\/econometricsletters.com\/corona-covid-19-monitoring-system\/\">Corona Monitoring System<\/a><\/p>\n","protected":false},"excerpt":{"rendered":"<p>TRV TradingView&#8217;den AKBNK Grafi\u011fi LONG TERM FORECAST Nonlinear Forecast Kontenjan Tahmin &nbsp; Phyton uygulama\u00a0 \u00a0 \u00a0 \u00a0 \u00a0 \u00a0 Go Back to App EF XBANK 24 Ekim XBANK 25 Ekim XBANK 26 Ekim XBANK 28 Ekim X30 X30K1 X30Kas\u0131m7 XENERKas\u0131m7 XBANKKas\u0131m7 X30K8 XENERK8 X30K9 XENERK9 X30K14 XBANKK14 XENERK14 EnerjiGesan Gesan Rapor GESAN NEWS: for Bitcoin [&hellip;]<\/p>\n","protected":false},"author":1,"featured_media":0,"parent":0,"menu_order":0,"comment_status":"closed","ping_status":"closed","template":"","meta":[],"_links":{"self":[{"href":"http:\/\/easyfinancetechnology.com\/index.php?rest_route=\/wp\/v2\/pages\/463"}],"collection":[{"href":"http:\/\/easyfinancetechnology.com\/index.php?rest_route=\/wp\/v2\/pages"}],"about":[{"href":"http:\/\/easyfinancetechnology.com\/index.php?rest_route=\/wp\/v2\/types\/page"}],"author":[{"embeddable":true,"href":"http:\/\/easyfinancetechnology.com\/index.php?rest_route=\/wp\/v2\/users\/1"}],"replies":[{"embeddable":true,"href":"http:\/\/easyfinancetechnology.com\/index.php?rest_route=%2Fwp%2Fv2%2Fcomments&post=463"}],"version-history":[{"count":56,"href":"http:\/\/easyfinancetechnology.com\/index.php?rest_route=\/wp\/v2\/pages\/463\/revisions"}],"predecessor-version":[{"id":1107,"href":"http:\/\/easyfinancetechnology.com\/index.php?rest_route=\/wp\/v2\/pages\/463\/revisions\/1107"}],"wp:attachment":[{"href":"http:\/\/easyfinancetechnology.com\/index.php?rest_route=%2Fwp%2Fv2%2Fmedia&parent=463"}],"curies":[{"name":"wp","href":"https:\/\/api.w.org\/{rel}","templated":true}]}}